{"id":3721,"date":"2024-02-09T16:57:01","date_gmt":"2024-02-09T15:57:01","guid":{"rendered":"https:\/\/ecerfvelee.com\/site\/?page_id=3721"},"modified":"2024-04-01T19:44:12","modified_gmt":"2024-04-01T17:44:12","slug":"detourner-les-materiaux-de-lentreprise","status":"publish","type":"page","link":"https:\/\/ecerfvelee.com\/site\/detourner-les-materiaux-de-lentreprise\/","title":{"rendered":"D\u00e9tourner les mat\u00e9riaux de l&rsquo;entreprise"},"content":{"rendered":"\n<p>L&rsquo;artiste Marina ZINDY a travaill\u00e9 avec les d\u00e9chets ultimes d&rsquo;une entreprise locale au moment o\u00f9 elle travaillait sur un projet de bouturage de corail. Ces morceaux de plastique ont \u00e9t\u00e9 s\u00e9lectionn\u00e9s, assembl\u00e9s puis m\u00e9tamorphos\u00e9s par le dessin.<\/p>\n\n\n\n<div class=\"wp-block-columns is-layout-flex wp-container-core-columns-is-layout-9d6595d7 wp-block-columns-is-layout-flex\">\n<div class=\"wp-block-column is-layout-flow wp-block-column-is-layout-flow\">\n<figure class=\"wp-block-image size-large\"><img loading=\"lazy\" decoding=\"async\" width=\"461\" height=\"1024\" src=\"https:\/\/ecerfvelee.com\/site\/wp-content\/uploads\/2024\/02\/coraux-plastiques--461x1024.jpg\" alt=\"\" class=\"wp-image-3734\" srcset=\"https:\/\/ecerfvelee.com\/site\/wp-content\/uploads\/2024\/02\/coraux-plastiques--461x1024.jpg 461w, https:\/\/ecerfvelee.com\/site\/wp-content\/uploads\/2024\/02\/coraux-plastiques--135x300.jpg 135w, https:\/\/ecerfvelee.com\/site\/wp-content\/uploads\/2024\/02\/coraux-plastiques--692x1536.jpg 692w, https:\/\/ecerfvelee.com\/site\/wp-content\/uploads\/2024\/02\/coraux-plastiques-.jpg 702w\" sizes=\"auto, (max-width: 461px) 100vw, 461px\" \/><\/figure>\n<\/div>\n\n\n\n<div class=\"wp-block-column is-layout-flow wp-block-column-is-layout-flow\">\n<figure class=\"wp-block-image size-large\"><img loading=\"lazy\" decoding=\"async\" width=\"461\" height=\"1024\" src=\"https:\/\/ecerfvelee.com\/site\/wp-content\/uploads\/2024\/02\/coraux-plastiques-dessin-461x1024.jpg\" alt=\"\" class=\"wp-image-3735\" srcset=\"https:\/\/ecerfvelee.com\/site\/wp-content\/uploads\/2024\/02\/coraux-plastiques-dessin-461x1024.jpg 461w, https:\/\/ecerfvelee.com\/site\/wp-content\/uploads\/2024\/02\/coraux-plastiques-dessin-135x300.jpg 135w, https:\/\/ecerfvelee.com\/site\/wp-content\/uploads\/2024\/02\/coraux-plastiques-dessin-692x1536.jpg 692w, https:\/\/ecerfvelee.com\/site\/wp-content\/uploads\/2024\/02\/coraux-plastiques-dessin.jpg 702w\" sizes=\"auto, (max-width: 461px) 100vw, 461px\" \/><\/figure>\n<\/div>\n<\/div>\n\n\n\n<figure class=\"wp-block-image size-full\"><img loading=\"lazy\" decoding=\"async\" width=\"682\" height=\"887\" src=\"https:\/\/ecerfvelee.com\/site\/wp-content\/uploads\/2024\/02\/coraux-plastiques-dessin-2-2.jpg\" alt=\"\" class=\"wp-image-3738\" srcset=\"https:\/\/ecerfvelee.com\/site\/wp-content\/uploads\/2024\/02\/coraux-plastiques-dessin-2-2.jpg 682w, https:\/\/ecerfvelee.com\/site\/wp-content\/uploads\/2024\/02\/coraux-plastiques-dessin-2-2-231x300.jpg 231w\" sizes=\"auto, (max-width: 682px) 100vw, 682px\" \/><\/figure>\n\n\n\n<p>En d\u00e9couvrant cette image les salari\u00e9s de l&rsquo;entreprise ont \u00e9t\u00e9 surpris et touch\u00e9s. Jamais ils n&rsquo;avaient pens\u00e9 que la mati\u00e8re qu&rsquo;ils produisaient pouvait \u00e9voquer un univers totalement diff\u00e9rent de leur quotidien !<\/p>\n\n\n\n<p>Le dirigeant de l&rsquo;entreprise a command\u00e9 une sculpture \u00e0 l&rsquo;artiste apr\u00e8s avoir d\u00e9couvert le r\u00e9sultat de son travail et notamment avec l&rsquo;installation expos\u00e9e \u00e0 la <a href=\"https:\/\/ecerfvelee.com\/site\/fete-de-leau-wattwiller\/\" title=\"\">FEW<\/a>.<\/p>\n\n\n\n<figure class=\"wp-block-image size-full\"><a href=\"https:\/\/ecerfvelee.com\/site\/fete-de-leau-wattwiller\/\"><img loading=\"lazy\" decoding=\"async\" width=\"768\" height=\"327\" src=\"https:\/\/ecerfvelee.com\/site\/wp-content\/uploads\/2024\/02\/image-2.png\" alt=\"\" class=\"wp-image-3746\" srcset=\"https:\/\/ecerfvelee.com\/site\/wp-content\/uploads\/2024\/02\/image-2.png 768w, https:\/\/ecerfvelee.com\/site\/wp-content\/uploads\/2024\/02\/image-2-300x128.png 300w\" sizes=\"auto, (max-width: 767px) 89vw, (max-width: 1000px) 54vw, (max-width: 1071px) 543px, 580px\" \/><\/a><figcaption class=\"wp-element-caption\">Marina Zindy,&nbsp;<em>Origines<\/em>, C\u00e9ramique, plastique et vid\u00e9o<\/figcaption><\/figure>\n\n\n\n<h2 class=\"wp-block-heading\">La commande<\/h2>\n\n\n\n<p>L&rsquo;artiste a \u00e9t\u00e9 invit\u00e9e \u00e0 d\u00e9couvrir les ateliers et \u00e0 utiliser des mati\u00e8res de l&rsquo;entreprise de plastique. Elle a choisi principalement des d\u00e9chets ultimes.<\/p>\n\n\n\n<figure class=\"wp-block-image size-large\"><img loading=\"lazy\" decoding=\"async\" width=\"1024\" height=\"512\" src=\"https:\/\/ecerfvelee.com\/site\/wp-content\/uploads\/2024\/02\/matiere-entreprise-usine-1024x512.jpg\" alt=\"\" class=\"wp-image-3749\" srcset=\"https:\/\/ecerfvelee.com\/site\/wp-content\/uploads\/2024\/02\/matiere-entreprise-usine-1024x512.jpg 1024w, https:\/\/ecerfvelee.com\/site\/wp-content\/uploads\/2024\/02\/matiere-entreprise-usine-300x150.jpg 300w, https:\/\/ecerfvelee.com\/site\/wp-content\/uploads\/2024\/02\/matiere-entreprise-usine-768x384.jpg 768w, https:\/\/ecerfvelee.com\/site\/wp-content\/uploads\/2024\/02\/matiere-entreprise-usine-1320x660.jpg 1320w, https:\/\/ecerfvelee.com\/site\/wp-content\/uploads\/2024\/02\/matiere-entreprise-usine.jpg 1417w\" sizes=\"auto, (max-width: 767px) 89vw, (max-width: 1000px) 54vw, (max-width: 1071px) 543px, 580px\" \/><\/figure>\n\n\n\n<p>La base est r\u00e9alis\u00e9e en argile, associ\u00e9e \u00e0 des carottes de plastiques \u00e9voquant des an\u00e9mones.<\/p>\n\n\n\n<div class=\"wp-block-columns is-layout-flex wp-container-core-columns-is-layout-9d6595d7 wp-block-columns-is-layout-flex\">\n<div class=\"wp-block-column is-layout-flow wp-block-column-is-layout-flow\">\n<figure class=\"wp-block-image size-full\"><img loading=\"lazy\" decoding=\"async\" width=\"626\" height=\"887\" src=\"https:\/\/ecerfvelee.com\/site\/wp-content\/uploads\/2024\/02\/coraux-plastiques-sculpture.jpg\" alt=\"\" class=\"wp-image-3750\" srcset=\"https:\/\/ecerfvelee.com\/site\/wp-content\/uploads\/2024\/02\/coraux-plastiques-sculpture.jpg 626w, https:\/\/ecerfvelee.com\/site\/wp-content\/uploads\/2024\/02\/coraux-plastiques-sculpture-212x300.jpg 212w\" sizes=\"auto, (max-width: 626px) 100vw, 626px\" \/><figcaption class=\"wp-element-caption\">La sculpture finalis\u00e9e avec les diff\u00e9rents mat\u00e9riaux de l&rsquo;entreprise.<\/figcaption><\/figure>\n<\/div>\n\n\n\n<div class=\"wp-block-column is-layout-flow wp-block-column-is-layout-flow\">\n<figure class=\"wp-block-image size-full\"><img loading=\"lazy\" decoding=\"async\" width=\"504\" height=\"827\" src=\"https:\/\/ecerfvelee.com\/site\/wp-content\/uploads\/2024\/02\/coraux-plastiques-portraits.jpg\" alt=\"\" class=\"wp-image-3751\" srcset=\"https:\/\/ecerfvelee.com\/site\/wp-content\/uploads\/2024\/02\/coraux-plastiques-portraits.jpg 504w, https:\/\/ecerfvelee.com\/site\/wp-content\/uploads\/2024\/02\/coraux-plastiques-portraits-183x300.jpg 183w\" sizes=\"auto, (max-width: 504px) 100vw, 504px\" \/><figcaption class=\"wp-element-caption\">Marie-Paule, secr\u00e9taire de direction et Marina, artiste<br><\/figcaption><\/figure>\n<\/div>\n<\/div>\n\n\n\n<p><strong>T\u00e9moignage de M. ROLLIER, Pr\u00e9sident Directeur G\u00e9n\u00e9ral SES-STERLING SA<\/strong><\/p>\n\n\n\n<p><em>Nous travaillons en collaboration avec Marina Zindy depuis des ann\u00e9es. Nous lui fournissons des rebuts en plastique et caoutchouc de nos ateliers, auxquels elle donne une seconde vie ainsi qu&rsquo;un nouveau sens en les int\u00e9grant dans ses \u0153uvres d\u2019art.<br><br>C\u2019est tout naturellement et avec grand plaisir que nous l\u2019avions invit\u00e9e \u00e0 animer un atelier autour de l\u2019argile lors de notre journ\u00e9e du personnel. L\u2019id\u00e9e \u00e9tait de cr\u00e9er une \u0153uvre avec la participation de nos collaborateurs et d\u2019y int\u00e9grer ensuite nos produits.<br><br>L\u2019exp\u00e9rience fut un r\u00e9el succ\u00e8s : l\u2019approche de l\u2019art de mani\u00e8re ludique, l\u2019\u00e9change avec une artiste passionn\u00e9e, le partage entre coll\u00e8gues de travail de mani\u00e8re inattendue \u00e0 travers le travail de la terre. Des moments forts, qui ont abouti \u00e0 l\u2019\u00e9laboration d\u2019une magnifique \u0153uvre compl\u00e9t\u00e9e par toute la cr\u00e9ativit\u00e9 de Marina.<br><br>Nos collaborateurs sont fiers d\u2019avoir particip\u00e9 ensemble \u00e0 ce projet. Un moment de coh\u00e9sion d\u2019\u00e9quipe, qui a permis de mettre en \u00e9vidence nos produits, mais avec un autre regard : pour le recycleur que nous sommes, nous sommes enchant\u00e9s du r\u00e9sultat !<br><br>L\u2019\u0153uvre sera expos\u00e9e dans nos locaux pour nous rappeler ce moment chaleureux.<br>Bravo \u00e0 Marina et \u00e0 tous nos collaborateurs !<\/em><br><br>Daniel ROLLIER<br>Pr\u00e9sident Directeur G\u00e9n\u00e9ral<\/p>\n\n\n\n<p><\/p>\n\n\n\n<p><strong>TARIF :<\/strong><\/p>\n\n\n\n<p>Montant \u00e0 d\u00e9finir en fonction du projet.<\/p>\n\n\n\n<p>Nombre d&rsquo;heure d\u2019intervention en fonction du projet.<\/p>\n\n\n\n<p>Frais de d\u00e9placement<\/p>\n\n\n\n<p><a href=\"https:\/\/ecerfvelee.com\/site\/entreprises\/\">RETOUR<\/a><\/p>\n","protected":false},"excerpt":{"rendered":"<p>L&rsquo;artiste Marina ZINDY a travaill\u00e9 avec les d\u00e9chets ultimes d&rsquo;une entreprise locale au moment o\u00f9 elle travaillait sur un projet de bouturage de corail. Ces morceaux de plastique ont \u00e9t\u00e9 s\u00e9lectionn\u00e9s, assembl\u00e9s puis m\u00e9tamorphos\u00e9s par le dessin. En d\u00e9couvrant cette image les salari\u00e9s de l&rsquo;entreprise ont \u00e9t\u00e9 surpris et touch\u00e9s. Jamais ils n&rsquo;avaient pens\u00e9 que &hellip; <\/p>\n<p class=\"link-more\"><a href=\"https:\/\/ecerfvelee.com\/site\/detourner-les-materiaux-de-lentreprise\/\" class=\"more-link\">Continuer la lecture<span class=\"screen-reader-text\"> de &laquo;&nbsp;D\u00e9tourner les mat\u00e9riaux de l&rsquo;entreprise&nbsp;&raquo;<\/span><\/a><\/p>\n","protected":false},"author":1,"featured_media":0,"parent":0,"menu_order":0,"comment_status":"closed","ping_status":"closed","template":"","meta":{"footnotes":""},"class_list":["post-3721","page","type-page","status-publish","hentry"],"aioseo_notices":[],"_links":{"self":[{"href":"https:\/\/ecerfvelee.com\/site\/wp-json\/wp\/v2\/pages\/3721","targetHints":{"allow":["GET"]}}],"collection":[{"href":"https:\/\/ecerfvelee.com\/site\/wp-json\/wp\/v2\/pages"}],"about":[{"href":"https:\/\/ecerfvelee.com\/site\/wp-json\/wp\/v2\/types\/page"}],"author":[{"embeddable":true,"href":"https:\/\/ecerfvelee.com\/site\/wp-json\/wp\/v2\/users\/1"}],"replies":[{"embeddable":true,"href":"https:\/\/ecerfvelee.com\/site\/wp-json\/wp\/v2\/comments?post=3721"}],"version-history":[{"count":10,"href":"https:\/\/ecerfvelee.com\/site\/wp-json\/wp\/v2\/pages\/3721\/revisions"}],"predecessor-version":[{"id":4015,"href":"https:\/\/ecerfvelee.com\/site\/wp-json\/wp\/v2\/pages\/3721\/revisions\/4015"}],"wp:attachment":[{"href":"https:\/\/ecerfvelee.com\/site\/wp-json\/wp\/v2\/media?parent=3721"}],"curies":[{"name":"wp","href":"https:\/\/api.w.org\/{rel}","templated":true}]}}