{"id":4167,"date":"2026-02-23T20:39:37","date_gmt":"2026-02-23T19:39:37","guid":{"rendered":"https:\/\/ecerfvelee.com\/site\/?page_id=4167"},"modified":"2026-02-23T20:58:01","modified_gmt":"2026-02-23T19:58:01","slug":"nodssum-mission-oceanographique-projet-art-et-sciences","status":"publish","type":"page","link":"https:\/\/ecerfvelee.com\/site\/nodssum-mission-oceanographique-projet-art-et-sciences\/","title":{"rendered":"NODSSUM Mission oc\u00e9anographique"},"content":{"rendered":"\n<p>Projet Art et Sciences<\/p>\n\n\n\n<p>Entre 1946 et 1990, plus de 200&nbsp;000 f\u00fbts remplis de d\u00e9chets radioactifs ont \u00e9t\u00e9 jet\u00e9s par plusieurs Etats europ\u00e9ens dans la plaine abyssale de l\u2019oc\u00e9an Atlantique Nord-Est, dans les eaux internationales, \u00e0 plus de 4&nbsp;000 m\u00e8tres de profondeur. Ces f\u00fbts contiennent des d\u00e9chets incorpor\u00e9s dans du bitume et du ciment afin de remplir les espaces libres des f\u00fbts.&nbsp;<\/p>\n\n\n\n<p>Le projet <a href=\"https:\/\/www.cnrs.fr\/fr\/presse\/dechets-radioactifs-une-mission-scientifique-part-cartographier-les-futs-immerges-de\" title=\"\">NODSSUM<\/a>, campagne interdisciplinaire associant nucl\u00e9aire, g\u00e9ologie, oc\u00e9anographie, biologie et chimie marine vise \u00e0 cartographier la zone d\u2019immersion principale et \u00e0 comprendre le comportement des radionucl\u00e9ides\u00a0dans les eaux profondes ainsi que leurs interactions avec les \u00e9cosyst\u00e8mes marins.<\/p>\n\n\n\n<p><\/p>\n\n\n\n<figure class=\"wp-block-image size-large\"><img loading=\"lazy\" decoding=\"async\" width=\"1024\" height=\"680\" src=\"https:\/\/ecerfvelee.com\/site\/wp-content\/uploads\/2026\/02\/Marina-Zindy-Nodssum-1-1024x680.jpg\" alt=\"\" class=\"wp-image-4169\" srcset=\"https:\/\/ecerfvelee.com\/site\/wp-content\/uploads\/2026\/02\/Marina-Zindy-Nodssum-1-1024x680.jpg 1024w, https:\/\/ecerfvelee.com\/site\/wp-content\/uploads\/2026\/02\/Marina-Zindy-Nodssum-1-300x199.jpg 300w, https:\/\/ecerfvelee.com\/site\/wp-content\/uploads\/2026\/02\/Marina-Zindy-Nodssum-1-768x510.jpg 768w, https:\/\/ecerfvelee.com\/site\/wp-content\/uploads\/2026\/02\/Marina-Zindy-Nodssum-1-1536x1020.jpg 1536w, https:\/\/ecerfvelee.com\/site\/wp-content\/uploads\/2026\/02\/Marina-Zindy-Nodssum-1-2048x1360.jpg 2048w\" sizes=\"auto, (max-width: 767px) 89vw, (max-width: 1000px) 54vw, (max-width: 1071px) 543px, 580px\" \/><\/figure>\n\n\n\n<figure class=\"wp-block-image size-large\"><img loading=\"lazy\" decoding=\"async\" width=\"724\" height=\"1024\" src=\"https:\/\/ecerfvelee.com\/site\/wp-content\/uploads\/2026\/02\/Marina-Zindy-Conference-724x1024.webp\" alt=\"\" class=\"wp-image-4172\" srcset=\"https:\/\/ecerfvelee.com\/site\/wp-content\/uploads\/2026\/02\/Marina-Zindy-Conference-724x1024.webp 724w, https:\/\/ecerfvelee.com\/site\/wp-content\/uploads\/2026\/02\/Marina-Zindy-Conference-212x300.webp 212w, https:\/\/ecerfvelee.com\/site\/wp-content\/uploads\/2026\/02\/Marina-Zindy-Conference-768x1086.webp 768w, https:\/\/ecerfvelee.com\/site\/wp-content\/uploads\/2026\/02\/Marina-Zindy-Conference.webp 920w\" sizes=\"auto, (max-width: 724px) 100vw, 724px\" \/><\/figure>\n\n\n\n<figure class=\"wp-block-image size-large\"><img loading=\"lazy\" decoding=\"async\" width=\"1024\" height=\"684\" src=\"https:\/\/ecerfvelee.com\/site\/wp-content\/uploads\/2026\/02\/image-1024x684.png\" alt=\"\" class=\"wp-image-4175\" srcset=\"https:\/\/ecerfvelee.com\/site\/wp-content\/uploads\/2026\/02\/image-1024x684.png 1024w, https:\/\/ecerfvelee.com\/site\/wp-content\/uploads\/2026\/02\/image-300x200.png 300w, https:\/\/ecerfvelee.com\/site\/wp-content\/uploads\/2026\/02\/image-768x513.png 768w, https:\/\/ecerfvelee.com\/site\/wp-content\/uploads\/2026\/02\/image-1536x1026.png 1536w, https:\/\/ecerfvelee.com\/site\/wp-content\/uploads\/2026\/02\/image-1320x881.png 1320w, https:\/\/ecerfvelee.com\/site\/wp-content\/uploads\/2026\/02\/image.png 1920w\" sizes=\"auto, (max-width: 767px) 89vw, (max-width: 1000px) 54vw, (max-width: 1071px) 543px, 580px\" \/><\/figure>\n\n\n\n<figure class=\"wp-block-image size-large\"><img loading=\"lazy\" decoding=\"async\" width=\"683\" height=\"1024\" src=\"https:\/\/ecerfvelee.com\/site\/wp-content\/uploads\/2026\/02\/Marina-Zindy-ceramique-683x1024.jpg\" alt=\"\" class=\"wp-image-4177\" srcset=\"https:\/\/ecerfvelee.com\/site\/wp-content\/uploads\/2026\/02\/Marina-Zindy-ceramique-683x1024.jpg 683w, https:\/\/ecerfvelee.com\/site\/wp-content\/uploads\/2026\/02\/Marina-Zindy-ceramique-200x300.jpg 200w, https:\/\/ecerfvelee.com\/site\/wp-content\/uploads\/2026\/02\/Marina-Zindy-ceramique-768x1152.jpg 768w, https:\/\/ecerfvelee.com\/site\/wp-content\/uploads\/2026\/02\/Marina-Zindy-ceramique-1024x1536.jpg 1024w, https:\/\/ecerfvelee.com\/site\/wp-content\/uploads\/2026\/02\/Marina-Zindy-ceramique-1365x2048.jpg 1365w, https:\/\/ecerfvelee.com\/site\/wp-content\/uploads\/2026\/02\/Marina-Zindy-ceramique-1320x1980.jpg 1320w, https:\/\/ecerfvelee.com\/site\/wp-content\/uploads\/2026\/02\/Marina-Zindy-ceramique-scaled.jpg 1707w\" sizes=\"auto, (max-width: 683px) 100vw, 683px\" \/><\/figure>\n\n\n\n<figure class=\"wp-block-image size-large\"><img loading=\"lazy\" decoding=\"async\" width=\"1024\" height=\"683\" src=\"https:\/\/ecerfvelee.com\/site\/wp-content\/uploads\/2026\/02\/IMG_1840-1024x683.jpg\" alt=\"\" class=\"wp-image-4180\" srcset=\"https:\/\/ecerfvelee.com\/site\/wp-content\/uploads\/2026\/02\/IMG_1840-1024x683.jpg 1024w, https:\/\/ecerfvelee.com\/site\/wp-content\/uploads\/2026\/02\/IMG_1840-300x200.jpg 300w, https:\/\/ecerfvelee.com\/site\/wp-content\/uploads\/2026\/02\/IMG_1840-768x512.jpg 768w, https:\/\/ecerfvelee.com\/site\/wp-content\/uploads\/2026\/02\/IMG_1840-1536x1024.jpg 1536w, https:\/\/ecerfvelee.com\/site\/wp-content\/uploads\/2026\/02\/IMG_1840-2048x1365.jpg 2048w, https:\/\/ecerfvelee.com\/site\/wp-content\/uploads\/2026\/02\/IMG_1840-1320x880.jpg 1320w\" sizes=\"auto, (max-width: 767px) 89vw, (max-width: 1000px) 54vw, (max-width: 1071px) 543px, 580px\" \/><\/figure>\n\n\n\n<figure class=\"wp-block-image size-full\"><img loading=\"lazy\" decoding=\"async\" width=\"850\" height=\"567\" src=\"https:\/\/ecerfvelee.com\/site\/wp-content\/uploads\/2026\/02\/ammonite-ancienne-net.jpg\" alt=\"\" class=\"wp-image-4182\" srcset=\"https:\/\/ecerfvelee.com\/site\/wp-content\/uploads\/2026\/02\/ammonite-ancienne-net.jpg 850w, https:\/\/ecerfvelee.com\/site\/wp-content\/uploads\/2026\/02\/ammonite-ancienne-net-300x200.jpg 300w, https:\/\/ecerfvelee.com\/site\/wp-content\/uploads\/2026\/02\/ammonite-ancienne-net-768x512.jpg 768w\" sizes=\"auto, (max-width: 767px) 89vw, (max-width: 1000px) 54vw, (max-width: 1071px) 543px, 580px\" \/><\/figure>\n","protected":false},"excerpt":{"rendered":"<p>Projet Art et Sciences Entre 1946 et 1990, plus de 200&nbsp;000 f\u00fbts remplis de d\u00e9chets radioactifs ont \u00e9t\u00e9 jet\u00e9s par plusieurs Etats europ\u00e9ens dans la plaine abyssale de l\u2019oc\u00e9an Atlantique Nord-Est, dans les eaux internationales, \u00e0 plus de 4&nbsp;000 m\u00e8tres de profondeur. Ces f\u00fbts contiennent des d\u00e9chets incorpor\u00e9s dans du bitume et du ciment afin &hellip; <\/p>\n<p class=\"link-more\"><a href=\"https:\/\/ecerfvelee.com\/site\/nodssum-mission-oceanographique-projet-art-et-sciences\/\" class=\"more-link\">Continuer la lecture<span class=\"screen-reader-text\"> de &laquo;&nbsp;NODSSUM Mission oc\u00e9anographique&nbsp;&raquo;<\/span><\/a><\/p>\n","protected":false},"author":1,"featured_media":0,"parent":0,"menu_order":0,"comment_status":"closed","ping_status":"closed","template":"","meta":{"footnotes":""},"class_list":["post-4167","page","type-page","status-publish","hentry"],"aioseo_notices":[],"_links":{"self":[{"href":"https:\/\/ecerfvelee.com\/site\/wp-json\/wp\/v2\/pages\/4167","targetHints":{"allow":["GET"]}}],"collection":[{"href":"https:\/\/ecerfvelee.com\/site\/wp-json\/wp\/v2\/pages"}],"about":[{"href":"https:\/\/ecerfvelee.com\/site\/wp-json\/wp\/v2\/types\/page"}],"author":[{"embeddable":true,"href":"https:\/\/ecerfvelee.com\/site\/wp-json\/wp\/v2\/users\/1"}],"replies":[{"embeddable":true,"href":"https:\/\/ecerfvelee.com\/site\/wp-json\/wp\/v2\/comments?post=4167"}],"version-history":[{"count":7,"href":"https:\/\/ecerfvelee.com\/site\/wp-json\/wp\/v2\/pages\/4167\/revisions"}],"predecessor-version":[{"id":4189,"href":"https:\/\/ecerfvelee.com\/site\/wp-json\/wp\/v2\/pages\/4167\/revisions\/4189"}],"wp:attachment":[{"href":"https:\/\/ecerfvelee.com\/site\/wp-json\/wp\/v2\/media?parent=4167"}],"curies":[{"name":"wp","href":"https:\/\/api.w.org\/{rel}","templated":true}]}}