{"id":62,"date":"2018-05-18T16:33:04","date_gmt":"2018-05-18T14:33:04","guid":{"rendered":"http:\/\/ecerfvelee.com\/site\/?page_id=62"},"modified":"2024-02-18T19:44:56","modified_gmt":"2024-02-18T18:44:56","slug":"peintures","status":"publish","type":"page","link":"https:\/\/ecerfvelee.com\/site\/peintures\/","title":{"rendered":"Peintures"},"content":{"rendered":"<h1 style=\"text-align: left;\"><span style=\"color: #333333; font-family: josefin;\"><strong><span style=\"font-size: medium;\">Le corps est l\u2019\u00e9l\u00e9ment central qui guide toutes mes recherches plastiques. L\u2019univers que j\u2019explore est celui de l\u2019hybridation et du simulacre. M\u00e9lange des genres, les corps que je produis sont \u00e0 la fois s\u00e9duisants et grin\u00e7ants, sous l\u2019insouciance du rose se cache la question de l\u2019identit\u00e9 fantasm\u00e9e ou chim\u00e9rique.<\/span><\/strong><\/span><\/h1>\n<h1><span style=\"color: #333333; font-family: josefin;\"><em style=\"font-size: 1.5rem;\">Autoportrait<\/em><\/span><\/h1>\n<div id='gallery-1' class='gallery galleryid-62 gallery-columns-3 gallery-size-full'><figure class='gallery-item'>\n\t\t\t<div class='gallery-icon portrait'>\n\t\t\t\t<a href='https:\/\/ecerfvelee.com\/site\/draw\/chouette\/'><img loading=\"lazy\" decoding=\"async\" width=\"2298\" height=\"3246\" src=\"https:\/\/ecerfvelee.com\/site\/wp-content\/uploads\/2018\/05\/chouette.jpg\" class=\"attachment-full size-full\" alt=\"\" srcset=\"https:\/\/ecerfvelee.com\/site\/wp-content\/uploads\/2018\/05\/chouette.jpg 2298w, https:\/\/ecerfvelee.com\/site\/wp-content\/uploads\/2018\/05\/chouette-350x494.jpg 350w, https:\/\/ecerfvelee.com\/site\/wp-content\/uploads\/2018\/05\/chouette-212x300.jpg 212w, https:\/\/ecerfvelee.com\/site\/wp-content\/uploads\/2018\/05\/chouette-768x1085.jpg 768w, https:\/\/ecerfvelee.com\/site\/wp-content\/uploads\/2018\/05\/chouette-725x1024.jpg 725w\" sizes=\"auto, 100vw\" \/><\/a>\n\t\t\t<\/div><\/figure><figure class='gallery-item'>\n\t\t\t<div class='gallery-icon portrait'>\n\t\t\t\t<a href='https:\/\/ecerfvelee.com\/site\/draw\/crapaud\/'><img loading=\"lazy\" decoding=\"async\" width=\"2298\" height=\"3234\" src=\"https:\/\/ecerfvelee.com\/site\/wp-content\/uploads\/2018\/05\/crapaud.jpg\" class=\"attachment-full size-full\" alt=\"\" srcset=\"https:\/\/ecerfvelee.com\/site\/wp-content\/uploads\/2018\/05\/crapaud.jpg 2298w, https:\/\/ecerfvelee.com\/site\/wp-content\/uploads\/2018\/05\/crapaud-350x493.jpg 350w, https:\/\/ecerfvelee.com\/site\/wp-content\/uploads\/2018\/05\/crapaud-213x300.jpg 213w, https:\/\/ecerfvelee.com\/site\/wp-content\/uploads\/2018\/05\/crapaud-768x1081.jpg 768w, https:\/\/ecerfvelee.com\/site\/wp-content\/uploads\/2018\/05\/crapaud-728x1024.jpg 728w\" sizes=\"auto, 100vw\" \/><\/a>\n\t\t\t<\/div><\/figure><figure class='gallery-item'>\n\t\t\t<div class='gallery-icon portrait'>\n\t\t\t\t<a href='https:\/\/ecerfvelee.com\/site\/draw\/biche-copie\/'><img loading=\"lazy\" decoding=\"async\" width=\"2364\" height=\"3384\" src=\"https:\/\/ecerfvelee.com\/site\/wp-content\/uploads\/2018\/05\/biche-copie.jpg\" class=\"attachment-full size-full\" alt=\"\" srcset=\"https:\/\/ecerfvelee.com\/site\/wp-content\/uploads\/2018\/05\/biche-copie.jpg 2364w, https:\/\/ecerfvelee.com\/site\/wp-content\/uploads\/2018\/05\/biche-copie-350x501.jpg 350w, https:\/\/ecerfvelee.com\/site\/wp-content\/uploads\/2018\/05\/biche-copie-210x300.jpg 210w, https:\/\/ecerfvelee.com\/site\/wp-content\/uploads\/2018\/05\/biche-copie-768x1099.jpg 768w, https:\/\/ecerfvelee.com\/site\/wp-content\/uploads\/2018\/05\/biche-copie-715x1024.jpg 715w\" sizes=\"auto, 100vw\" \/><\/a>\n\t\t\t<\/div><\/figure>\n\t\t<\/div>\n\n<p><span style=\"font-family: josefin;\"><strong><span style=\"font-size: small;\">Le corps de femme se transforme tout au long de sa vie. Enceinte, cette m\u00e9tamorphose est particuli\u00e8rement visible et sensible.<\/span><\/strong><\/span><\/p>\n<p><span style=\"font-family: josefin;\"><strong><span style=\"font-size: small;\">Cette transformation est explicite dans ce travail et figure un enfantement moins paisible et plus extr\u00eame.<\/span><\/strong><\/span><\/p>\n<p><span style=\"font-family: josefin;\"><strong><span style=\"font-size: small;\">La part animale est r\u00e9v\u00e9l\u00e9e, que ce soit la gr\u00e2ce du chevreuil, la monstruosit\u00e9 du crapaud ou la part nocturne de la chouette. Chaque hybride r\u00e9v\u00e8le une facette de son humanit\u00e9 malgr\u00e9 son cot\u00e9 bestial.<\/span><\/strong><\/span><\/p>\n<p><span style=\"font-family: josefin;\"><strong><span style=\"font-size: small;\">Aussi bien totem que symbole, ces images r\u00e9veillent la part instinctive mais aussi la difficult\u00e9 du changement d\u2019\u00e9tat et de la vie en devenir.<\/span><\/strong><\/span><\/p>\n<figure id=\"attachment_333\" aria-describedby=\"caption-attachment-333\" style=\"width: 1000px\" class=\"wp-caption alignnone\"><img loading=\"lazy\" decoding=\"async\" class=\"wp-image-333 size-full\" src=\"http:\/\/ecerfvelee.com\/site\/wp-content\/uploads\/2018\/07\/site-page-intro2-e1530610053929.jpg\" alt=\"\" width=\"1000\" height=\"430\" srcset=\"https:\/\/ecerfvelee.com\/site\/wp-content\/uploads\/2018\/07\/site-page-intro2-e1530610053929.jpg 1000w, https:\/\/ecerfvelee.com\/site\/wp-content\/uploads\/2018\/07\/site-page-intro2-e1530610053929-350x151.jpg 350w\" sizes=\"auto, (max-width: 767px) 89vw, (max-width: 1000px) 54vw, (max-width: 1071px) 543px, 580px\" \/><figcaption id=\"caption-attachment-333\" class=\"wp-caption-text\"><span style=\"font-family: josefin;\">Une autre repr\u00e9sentation de la maternit\u00e9. Naissance d&rsquo;un monde. Dessin \u00e0 la pierre noire et aquarelle.<\/span><\/figcaption><\/figure>\n<h1><span style=\"color: #333333; font-family: josefin;\"><strong>S\u00e9rie <\/strong><em>Femmes<\/em><\/span><\/h1>\n<h2><span style=\"color: #333333; font-family: josefin;\"><strong><span style=\"font-size: small;\">\u00a0Femme-animal, femme-fleur, femme objet, femme-enfant ou femme abandonn\u00e9e\u2026L\u2019utilisation de l&rsquo;aquarelle permet de transmettre la force et la fragilit\u00e9 f\u00e9minine.<\/span><\/strong><\/span><\/h2>\n<p><span style=\"font-family: josefin;\"><img loading=\"lazy\" decoding=\"async\" class=\"aligncenter wp-image-220 size-large\" src=\"https:\/\/ecerfvelee.com\/site\/wp-content\/uploads\/2018\/06\/IMG_7612-copy-768x1024.jpg\" alt=\"dessin de femme enceinte \u00e0 l'aquarelle\" width=\"525\" height=\"700\" srcset=\"https:\/\/ecerfvelee.com\/site\/wp-content\/uploads\/2018\/06\/IMG_7612-copy-768x1024.jpg 768w, https:\/\/ecerfvelee.com\/site\/wp-content\/uploads\/2018\/06\/IMG_7612-copy-350x467.jpg 350w, https:\/\/ecerfvelee.com\/site\/wp-content\/uploads\/2018\/06\/IMG_7612-copy-225x300.jpg 225w, https:\/\/ecerfvelee.com\/site\/wp-content\/uploads\/2018\/06\/IMG_7612-copy.jpg 1200w\" sizes=\"auto, (max-width: 525px) 100vw, 525px\" \/><\/span><\/p>\n<p><span style=\"color: #333333; font-family: josefin;\"><strong><span style=\"font-size: small;\"><i><u>Sans titre<\/u><\/i><\/span><span style=\"font-size: small;\">, 2012, 24&#215;32 cm<\/span><\/strong><\/span><\/p>\n<div id='gallery-2' class='gallery galleryid-62 gallery-columns-2 gallery-size-medium'><figure class='gallery-item'>\n\t\t\t<div class='gallery-icon landscape'>\n\t\t\t\t<a href='https:\/\/ecerfvelee.com\/site\/draw\/29416095_196372777638115_5224964063615778816_n\/'><img loading=\"lazy\" decoding=\"async\" width=\"300\" height=\"300\" src=\"https:\/\/ecerfvelee.com\/site\/wp-content\/uploads\/2018\/05\/29416095_196372777638115_5224964063615778816_n-300x300.jpg\" class=\"attachment-medium size-medium\" alt=\"\" aria-describedby=\"gallery-2-70\" srcset=\"https:\/\/ecerfvelee.com\/site\/wp-content\/uploads\/2018\/05\/29416095_196372777638115_5224964063615778816_n-300x300.jpg 300w, https:\/\/ecerfvelee.com\/site\/wp-content\/uploads\/2018\/05\/29416095_196372777638115_5224964063615778816_n-250x250.jpg 250w, https:\/\/ecerfvelee.com\/site\/wp-content\/uploads\/2018\/05\/29416095_196372777638115_5224964063615778816_n-350x350.jpg 350w, https:\/\/ecerfvelee.com\/site\/wp-content\/uploads\/2018\/05\/29416095_196372777638115_5224964063615778816_n-100x100.jpg 100w, https:\/\/ecerfvelee.com\/site\/wp-content\/uploads\/2018\/05\/29416095_196372777638115_5224964063615778816_n-150x150.jpg 150w, https:\/\/ecerfvelee.com\/site\/wp-content\/uploads\/2018\/05\/29416095_196372777638115_5224964063615778816_n.jpg 750w\" sizes=\"auto, 100vw\" \/><\/a>\n\t\t\t<\/div>\n\t\t\t\t<figcaption class='wp-caption-text gallery-caption' id='gallery-2-70'>\n\t\t\t\tSans titre, aquarelle\n\t\t\t\t<\/figcaption><\/figure><figure class='gallery-item'>\n\t\t\t<div class='gallery-icon landscape'>\n\t\t\t\t<a href='https:\/\/ecerfvelee.com\/site\/draw\/29714896_120210208825019_1132434635158978560_n\/'><img loading=\"lazy\" decoding=\"async\" width=\"300\" height=\"300\" src=\"https:\/\/ecerfvelee.com\/site\/wp-content\/uploads\/2018\/05\/29714896_120210208825019_1132434635158978560_n-300x300.jpg\" class=\"attachment-medium size-medium\" alt=\"\" aria-describedby=\"gallery-2-71\" srcset=\"https:\/\/ecerfvelee.com\/site\/wp-content\/uploads\/2018\/05\/29714896_120210208825019_1132434635158978560_n-300x300.jpg 300w, https:\/\/ecerfvelee.com\/site\/wp-content\/uploads\/2018\/05\/29714896_120210208825019_1132434635158978560_n-250x250.jpg 250w, https:\/\/ecerfvelee.com\/site\/wp-content\/uploads\/2018\/05\/29714896_120210208825019_1132434635158978560_n-350x350.jpg 350w, https:\/\/ecerfvelee.com\/site\/wp-content\/uploads\/2018\/05\/29714896_120210208825019_1132434635158978560_n-100x100.jpg 100w, https:\/\/ecerfvelee.com\/site\/wp-content\/uploads\/2018\/05\/29714896_120210208825019_1132434635158978560_n-150x150.jpg 150w, https:\/\/ecerfvelee.com\/site\/wp-content\/uploads\/2018\/05\/29714896_120210208825019_1132434635158978560_n.jpg 750w\" sizes=\"auto, 100vw\" \/><\/a>\n\t\t\t<\/div>\n\t\t\t\t<figcaption class='wp-caption-text gallery-caption' id='gallery-2-71'>\n\t\t\t\tSans titre, aquarelle\n\t\t\t\t<\/figcaption><\/figure><figure class='gallery-item'>\n\t\t\t<div class='gallery-icon landscape'>\n\t\t\t\t<a href='https:\/\/ecerfvelee.com\/site\/draw\/29714901_2055811324697880_4991889605939691520_n\/'><img loading=\"lazy\" decoding=\"async\" width=\"300\" height=\"300\" src=\"https:\/\/ecerfvelee.com\/site\/wp-content\/uploads\/2018\/05\/29714901_2055811324697880_4991889605939691520_n-300x300.jpg\" class=\"attachment-medium size-medium\" alt=\"\" aria-describedby=\"gallery-2-72\" srcset=\"https:\/\/ecerfvelee.com\/site\/wp-content\/uploads\/2018\/05\/29714901_2055811324697880_4991889605939691520_n-300x300.jpg 300w, https:\/\/ecerfvelee.com\/site\/wp-content\/uploads\/2018\/05\/29714901_2055811324697880_4991889605939691520_n-250x250.jpg 250w, https:\/\/ecerfvelee.com\/site\/wp-content\/uploads\/2018\/05\/29714901_2055811324697880_4991889605939691520_n-350x350.jpg 350w, https:\/\/ecerfvelee.com\/site\/wp-content\/uploads\/2018\/05\/29714901_2055811324697880_4991889605939691520_n-100x100.jpg 100w, https:\/\/ecerfvelee.com\/site\/wp-content\/uploads\/2018\/05\/29714901_2055811324697880_4991889605939691520_n-150x150.jpg 150w, https:\/\/ecerfvelee.com\/site\/wp-content\/uploads\/2018\/05\/29714901_2055811324697880_4991889605939691520_n.jpg 750w\" sizes=\"auto, 100vw\" \/><\/a>\n\t\t\t<\/div>\n\t\t\t\t<figcaption class='wp-caption-text gallery-caption' id='gallery-2-72'>\n\t\t\t\tSans titre, aquarelle\n\t\t\t\t<\/figcaption><\/figure><figure class='gallery-item'>\n\t\t\t<div class='gallery-icon landscape'>\n\t\t\t\t<a href='https:\/\/ecerfvelee.com\/site\/draw\/29738988_436410926810995_7058758070708469760_n\/'><img loading=\"lazy\" decoding=\"async\" width=\"300\" height=\"300\" src=\"https:\/\/ecerfvelee.com\/site\/wp-content\/uploads\/2018\/05\/29738988_436410926810995_7058758070708469760_n-300x300.jpg\" class=\"attachment-medium size-medium\" alt=\"\" aria-describedby=\"gallery-2-73\" srcset=\"https:\/\/ecerfvelee.com\/site\/wp-content\/uploads\/2018\/05\/29738988_436410926810995_7058758070708469760_n-300x300.jpg 300w, https:\/\/ecerfvelee.com\/site\/wp-content\/uploads\/2018\/05\/29738988_436410926810995_7058758070708469760_n-250x250.jpg 250w, https:\/\/ecerfvelee.com\/site\/wp-content\/uploads\/2018\/05\/29738988_436410926810995_7058758070708469760_n-350x350.jpg 350w, https:\/\/ecerfvelee.com\/site\/wp-content\/uploads\/2018\/05\/29738988_436410926810995_7058758070708469760_n-100x100.jpg 100w, https:\/\/ecerfvelee.com\/site\/wp-content\/uploads\/2018\/05\/29738988_436410926810995_7058758070708469760_n-150x150.jpg 150w, https:\/\/ecerfvelee.com\/site\/wp-content\/uploads\/2018\/05\/29738988_436410926810995_7058758070708469760_n.jpg 750w\" sizes=\"auto, 100vw\" \/><\/a>\n\t\t\t<\/div>\n\t\t\t\t<figcaption class='wp-caption-text gallery-caption' id='gallery-2-73'>\n\t\t\t\tSans titre, aquarelle\n\t\t\t\t<\/figcaption><\/figure>\n\t\t<\/div>\n\n<h1><span style=\"color: #333333; font-family: josefin;\"><strong>S\u00e9rie <\/strong><em>M\u00e2le<\/em><\/span><\/h1>\n<p><span style=\"font-family: josefin;\"><strong><span style=\"color: #333333;\"><span style=\"font-size: small;\">La s\u00e9rie, le \u00ab\u00a0<\/span><\/span><span style=\"color: #333333;\"><span style=\"font-size: small;\"><i>M\u00e2le<\/i><\/span><\/span><span style=\"color: #333333;\"><span style=\"font-size: small;\">\u00a0\u00bb est \u00e0 regarder comme le pendant de la s\u00e9rie sur les femmes.<\/span><\/span><\/strong><\/span><\/p>\n<figure id=\"attachment_1090\" aria-describedby=\"caption-attachment-1090\" style=\"width: 525px\" class=\"wp-caption aligncenter\"><img loading=\"lazy\" decoding=\"async\" class=\"wp-image-1090 size-large\" title=\"aquarelle contemporaine\" src=\"https:\/\/ecerfvelee.com\/site\/wp-content\/uploads\/2018\/11\/le-male-net-752x1024.jpg\" alt=\"\" width=\"525\" height=\"715\" srcset=\"https:\/\/ecerfvelee.com\/site\/wp-content\/uploads\/2018\/11\/le-male-net-752x1024.jpg 752w, https:\/\/ecerfvelee.com\/site\/wp-content\/uploads\/2018\/11\/le-male-net-350x477.jpg 350w, https:\/\/ecerfvelee.com\/site\/wp-content\/uploads\/2018\/11\/le-male-net-220x300.jpg 220w, https:\/\/ecerfvelee.com\/site\/wp-content\/uploads\/2018\/11\/le-male-net-768x1046.jpg 768w, https:\/\/ecerfvelee.com\/site\/wp-content\/uploads\/2018\/11\/le-male-net.jpg 1099w\" sizes=\"auto, (max-width: 525px) 100vw, 525px\" \/><figcaption id=\"caption-attachment-1090\" class=\"wp-caption-text\"><span style=\"font-family: josefin;\">Les fleurs du M\u00e2le<\/span><\/figcaption><\/figure>\n<h1><span style=\"color: #333333; font-family: josefin;\"><strong>S\u00e9rie <\/strong><em>Les Mal-aim\u00e9s<\/em><\/span><\/h1>\n<h2><span style=\"color: #333333; font-family: josefin;\"><strong><span style=\"font-size: small;\">Animaux consid\u00e9r\u00e9s comme nuisibles, je leur donne un aspect plus s\u00e9duisant par la couleur. Le grand format donne une autre pr\u00e9sence \u00e0 ces sujets repoussants.<\/span><\/strong><\/span><\/h2>\n<div id='gallery-3' class='gallery galleryid-62 gallery-columns-1 gallery-size-large'><figure class='gallery-item'>\n\t\t\t<div class='gallery-icon landscape'>\n\t\t\t\t<a href='https:\/\/ecerfvelee.com\/site\/peintures\/crapaud-2\/'><img loading=\"lazy\" decoding=\"async\" width=\"525\" height=\"345\" src=\"https:\/\/ecerfvelee.com\/site\/wp-content\/uploads\/2018\/07\/crapaud-1024x673.jpg\" class=\"attachment-large size-large\" alt=\"\" aria-describedby=\"gallery-3-330\" srcset=\"https:\/\/ecerfvelee.com\/site\/wp-content\/uploads\/2018\/07\/crapaud-1024x673.jpg 1024w, https:\/\/ecerfvelee.com\/site\/wp-content\/uploads\/2018\/07\/crapaud-350x230.jpg 350w, https:\/\/ecerfvelee.com\/site\/wp-content\/uploads\/2018\/07\/crapaud-300x197.jpg 300w, https:\/\/ecerfvelee.com\/site\/wp-content\/uploads\/2018\/07\/crapaud-768x505.jpg 768w, https:\/\/ecerfvelee.com\/site\/wp-content\/uploads\/2018\/07\/crapaud.jpg 1314w\" sizes=\"auto, 100vw\" \/><\/a>\n\t\t\t<\/div>\n\t\t\t\t<figcaption class='wp-caption-text gallery-caption' id='gallery-3-330'>\n\t\t\t\tSans Titre, peinture industrielle et pigments, 140 cm x 120 cm\n\t\t\t\t<\/figcaption><\/figure><figure class='gallery-item'>\n\t\t\t<div class='gallery-icon landscape'>\n\t\t\t\t<a href='https:\/\/ecerfvelee.com\/site\/peintures\/escargot\/'><img loading=\"lazy\" decoding=\"async\" width=\"525\" height=\"328\" src=\"https:\/\/ecerfvelee.com\/site\/wp-content\/uploads\/2018\/07\/escargot-1024x640.jpg\" class=\"attachment-large size-large\" alt=\"\" aria-describedby=\"gallery-3-331\" srcset=\"https:\/\/ecerfvelee.com\/site\/wp-content\/uploads\/2018\/07\/escargot-1024x640.jpg 1024w, https:\/\/ecerfvelee.com\/site\/wp-content\/uploads\/2018\/07\/escargot-350x219.jpg 350w, https:\/\/ecerfvelee.com\/site\/wp-content\/uploads\/2018\/07\/escargot-300x187.jpg 300w, https:\/\/ecerfvelee.com\/site\/wp-content\/uploads\/2018\/07\/escargot-768x480.jpg 768w, https:\/\/ecerfvelee.com\/site\/wp-content\/uploads\/2018\/07\/escargot.jpg 1369w\" sizes=\"auto, 100vw\" \/><\/a>\n\t\t\t<\/div>\n\t\t\t\t<figcaption class='wp-caption-text gallery-caption' id='gallery-3-331'>\n\t\t\t\tSans Titre, peinture industrielle et pigments, 120 cm x 100 cm\n\t\t\t\t<\/figcaption><\/figure>\n\t\t<\/div>\n\n<p>\u00a0<\/p>\n<p>Fort de sa pr\u00e9sence lors de l&rsquo;exposition <a href=\"https:\/\/ecerfvelee.com\/site\/2021\/06\/05\/exposition-semer-les-possibles\/\"><em>Semez les possibles<\/em><\/a>,\u00a0 \u00e0 l&rsquo;artoth\u00e8que ASCAP de Montb\u00e9liard, un nouveau tableau de crapaud \u00e0 rejoint la collection en 2022. Pour d\u00e9couvrir son histoire, cliquez <a href=\"https:\/\/ecerfvelee.com\/site\/my-lover-histoire-dune-rencontre\/\">ICI<\/a>.<\/p>\n\n\n<figure class=\"wp-block-image size-large\"><img loading=\"lazy\" decoding=\"async\" width=\"1024\" height=\"669\" src=\"https:\/\/ecerfvelee.com\/site\/wp-content\/uploads\/2022\/10\/marina-et-le-crapaud-1-1024x669.jpg\" alt=\"\" class=\"wp-image-3189\" srcset=\"https:\/\/ecerfvelee.com\/site\/wp-content\/uploads\/2022\/10\/marina-et-le-crapaud-1-1024x669.jpg 1024w, https:\/\/ecerfvelee.com\/site\/wp-content\/uploads\/2022\/10\/marina-et-le-crapaud-1-300x196.jpg 300w, https:\/\/ecerfvelee.com\/site\/wp-content\/uploads\/2022\/10\/marina-et-le-crapaud-1-768x501.jpg 768w, https:\/\/ecerfvelee.com\/site\/wp-content\/uploads\/2022\/10\/marina-et-le-crapaud-1-1536x1003.jpg 1536w, https:\/\/ecerfvelee.com\/site\/wp-content\/uploads\/2022\/10\/marina-et-le-crapaud-1-1320x862.jpg 1320w, https:\/\/ecerfvelee.com\/site\/wp-content\/uploads\/2022\/10\/marina-et-le-crapaud-1-350x228.jpg 350w, https:\/\/ecerfvelee.com\/site\/wp-content\/uploads\/2022\/10\/marina-et-le-crapaud-1.jpg 2048w\" sizes=\"auto, (max-width: 767px) 89vw, (max-width: 1000px) 54vw, (max-width: 1071px) 543px, 580px\" \/><\/figure>\n","protected":false},"excerpt":{"rendered":"<p>Le corps est l\u2019\u00e9l\u00e9ment central qui guide toutes mes recherches plastiques. L\u2019univers que j\u2019explore est celui de l\u2019hybridation et du simulacre. M\u00e9lange des genres, les corps que je produis sont \u00e0 la fois s\u00e9duisants et grin\u00e7ants, sous l\u2019insouciance du rose se cache la question de l\u2019identit\u00e9 fantasm\u00e9e ou chim\u00e9rique. Autoportrait Le corps de femme se &hellip; <\/p>\n<p class=\"link-more\"><a href=\"https:\/\/ecerfvelee.com\/site\/peintures\/\" class=\"more-link\">Continuer la lecture<span class=\"screen-reader-text\"> de &laquo;&nbsp;Peintures&nbsp;&raquo;<\/span><\/a><\/p>\n","protected":false},"author":1,"featured_media":0,"parent":0,"menu_order":0,"comment_status":"closed","ping_status":"closed","template":"","meta":{"footnotes":""},"class_list":["post-62","page","type-page","status-publish","hentry"],"aioseo_notices":[],"_links":{"self":[{"href":"https:\/\/ecerfvelee.com\/site\/wp-json\/wp\/v2\/pages\/62","targetHints":{"allow":["GET"]}}],"collection":[{"href":"https:\/\/ecerfvelee.com\/site\/wp-json\/wp\/v2\/pages"}],"about":[{"href":"https:\/\/ecerfvelee.com\/site\/wp-json\/wp\/v2\/types\/page"}],"author":[{"embeddable":true,"href":"https:\/\/ecerfvelee.com\/site\/wp-json\/wp\/v2\/users\/1"}],"replies":[{"embeddable":true,"href":"https:\/\/ecerfvelee.com\/site\/wp-json\/wp\/v2\/comments?post=62"}],"version-history":[{"count":26,"href":"https:\/\/ecerfvelee.com\/site\/wp-json\/wp\/v2\/pages\/62\/revisions"}],"predecessor-version":[{"id":3858,"href":"https:\/\/ecerfvelee.com\/site\/wp-json\/wp\/v2\/pages\/62\/revisions\/3858"}],"wp:attachment":[{"href":"https:\/\/ecerfvelee.com\/site\/wp-json\/wp\/v2\/media?parent=62"}],"curies":[{"name":"wp","href":"https:\/\/api.w.org\/{rel}","templated":true}]}}