{"id":917,"date":"2018-10-23T21:47:40","date_gmt":"2018-10-23T19:47:40","guid":{"rendered":"https:\/\/ecerfvelee.com\/site\/?page_id=917"},"modified":"2019-09-02T20:19:09","modified_gmt":"2019-09-02T18:19:09","slug":"grainesdehaine","status":"publish","type":"page","link":"https:\/\/ecerfvelee.com\/site\/grainesdehaine\/","title":{"rendered":"Graines de Haine"},"content":{"rendered":"<h1><span style=\"font-family: josefin;\"><strong>Travail sur le motif, impressions, superpositions et r\u00e9flexion contemporaine.<\/strong><\/span><\/h1>\n<p><span style=\"font-family: josefin;\"><strong>Quand la fleur ne renvoie plus l&rsquo;image de d\u00e9licatesse.<\/strong><\/span><\/p>\n<p><\/p>\n<p><span style=\"color: #000000; font-family: josefin;\">INSTALLATION <\/span><\/p>\n<p><span style=\"color: #000000; font-family: josefin;\"><i>Graines de Haine&nbsp;<\/i><\/span><\/p>\n<p><span style=\"color: #000000; font-family: josefin;\">Porcelaine<\/span><\/p>\n<p><span style=\"font-family: josefin;\"><img loading=\"lazy\" decoding=\"async\" class=\"aligncenter wp-image-748 size-large\" src=\"http:\/\/ecerfvelee.com\/site\/wp-content\/uploads\/2018\/09\/impression-731x1024.jpg\" alt=\"\" width=\"525\" height=\"735\" srcset=\"https:\/\/ecerfvelee.com\/site\/wp-content\/uploads\/2018\/09\/impression-731x1024.jpg 731w, https:\/\/ecerfvelee.com\/site\/wp-content\/uploads\/2018\/09\/impression-350x490.jpg 350w, https:\/\/ecerfvelee.com\/site\/wp-content\/uploads\/2018\/09\/impression-214x300.jpg 214w, https:\/\/ecerfvelee.com\/site\/wp-content\/uploads\/2018\/09\/impression-768x1075.jpg 768w, https:\/\/ecerfvelee.com\/site\/wp-content\/uploads\/2018\/09\/impression.jpg 810w\" sizes=\"auto, (max-width: 525px) 100vw, 525px\" \/><\/span><\/p>\n<p><span style=\"color: #000000; font-family: josefin;\"><em>Graine de Haine<\/em> est une installation de dessins sur modules circulaires de diff\u00e9rents diam\u00e8tres (2 cm \u00e0 26 cm).<\/span><\/p>\n<p><span style=\"color: #000000; font-family: josefin;\">Je joue sur les possibilit\u00e9s de surimpressions et de r\u00e9p\u00e9titions du motif floral gr\u00e2ce \u00e0 un proc\u00e9d\u00e9 de transfert sur porcelaine crue.<\/span><\/p>\n<p><span style=\"color: #000000; font-family: josefin;\">Le dessin permet de composer des tableaux graphiques jamais identiques mais avec des r\u00e9p\u00e9titions.<\/span><\/p>\n<p><span style=\"color: #000000; font-family: josefin;\">\u00c0 l&rsquo;heure du copier\/coller num\u00e9rique, c&rsquo;est ce transfert sur un support mill\u00e9naire qui \u00e9voque la reproductibilit\u00e9 tout en subtilit\u00e9.<\/span><\/p>\n<p><span style=\"color: #000000; font-family: josefin;\">La fragilit\u00e9 du papier, la stabilit\u00e9 des matrices en acier, la plasticit\u00e9 de la porcelaine. Elle est grav\u00e9e, scarifi\u00e9e d&rsquo;une nu\u00e9e de minuscules lignes qui forment des \u00e9tamines dans lesquels se forment des croix gamm\u00e9es.<\/span><\/p>\n<p><span style=\"color: #000000; font-family: josefin;\">Le motif de la fleur est charg\u00e9 d&rsquo;un autre message, la douceur fait place \u00e0 la violence de notre soci\u00e9t\u00e9. <\/span><\/p>\n<p><span style=\"color: #000000; font-family: josefin;\">Les partis extr\u00e9mistes n&rsquo;ont pas \u00e9t\u00e9 \u00e9radiqu\u00e9s et la haine fleurit en Europe et dans le monde.<\/span><\/p>\n<p><span style=\"font-family: josefin;\"><img loading=\"lazy\" decoding=\"async\" class=\"alignleft size-medium wp-image-1005\" src=\"https:\/\/ecerfvelee.com\/site\/wp-content\/uploads\/2018\/11\/expo-200x300.jpg\" alt=\"\" width=\"200\" height=\"300\" srcset=\"https:\/\/ecerfvelee.com\/site\/wp-content\/uploads\/2018\/11\/expo-200x300.jpg 200w, https:\/\/ecerfvelee.com\/site\/wp-content\/uploads\/2018\/11\/expo-350x525.jpg 350w, https:\/\/ecerfvelee.com\/site\/wp-content\/uploads\/2018\/11\/expo-768x1152.jpg 768w, https:\/\/ecerfvelee.com\/site\/wp-content\/uploads\/2018\/11\/expo-683x1024.jpg 683w, https:\/\/ecerfvelee.com\/site\/wp-content\/uploads\/2018\/11\/expo.jpg 1134w\" sizes=\"auto, (max-width: 200px) 100vw, 200px\" \/><\/span><\/p>\n<p><span style=\"color: #000000; font-family: josefin;\">L&rsquo;interpr\u00e9tation de ce travail est une question de point de vue car il s&rsquo;agit d&rsquo;un swastika symbole de renouveau, utilis\u00e9 dans de nombreuses cultures.<\/span><\/p>\n<p><span style=\"color: #000000; font-family: josefin;\">La lecture europ\u00e9enne l&rsquo;oriente vers les heures les plus sombres de l&rsquo;histoire mais une lecture orientale prendrait une autre direction.<\/span><\/p>\n<p><span style=\"color: #000000; font-family: josefin;\"><span style=\"font-size: medium;\">C&rsquo;est cette probl\u00e9matique d&rsquo;ouverture sur le monde qui me guide. <\/span><\/span><\/p>\n<p><span style=\"color: #000000; font-family: josefin;\"><span style=\"font-size: medium;\">Actuellement, sommes-nous pr\u00eats \u00e0 l&rsquo;ouverture vers l&rsquo;autre&nbsp;?<\/span><\/span><\/p>\n<p><span style=\"color: #000000; font-family: josefin;\"><span style=\"font-size: medium;\">Certains motifs n&rsquo;ont pas perdu leur aura, ni dans le temps ni dans la reproductibilit\u00e9 des images, c&rsquo;est un halo de lucidit\u00e9 qui est ici propos\u00e9.<\/span><\/span><\/p>\n<p><span style=\"color: #000000; font-family: josefin;\"><span style=\"font-size: medium;\">Les modules de porcelaine se diss\u00e9minent comme des bulles l\u00e9g\u00e8res sur les murs, murs d&rsquo;exposition ou murs de la ville. <\/span><\/span><\/p>\n<figure id=\"attachment_918\" aria-describedby=\"caption-attachment-918\" style=\"width: 525px\" class=\"wp-caption aligncenter\"><img loading=\"lazy\" decoding=\"async\" class=\"wp-image-918 size-large\" src=\"https:\/\/ecerfvelee.com\/site\/wp-content\/uploads\/2018\/10\/graine-de-hh5-683x1024.jpg\" alt=\"\" width=\"525\" height=\"787\" srcset=\"https:\/\/ecerfvelee.com\/site\/wp-content\/uploads\/2018\/10\/graine-de-hh5-683x1024.jpg 683w, https:\/\/ecerfvelee.com\/site\/wp-content\/uploads\/2018\/10\/graine-de-hh5-350x525.jpg 350w, https:\/\/ecerfvelee.com\/site\/wp-content\/uploads\/2018\/10\/graine-de-hh5-200x300.jpg 200w, https:\/\/ecerfvelee.com\/site\/wp-content\/uploads\/2018\/10\/graine-de-hh5-768x1152.jpg 768w, https:\/\/ecerfvelee.com\/site\/wp-content\/uploads\/2018\/10\/graine-de-hh5.jpg 1890w\" sizes=\"auto, (max-width: 525px) 100vw, 525px\" \/><figcaption id=\"caption-attachment-918\" class=\"wp-caption-text\"><span style=\"font-family: josefin;\">Graines de Haine, Porcelaine<\/span><\/figcaption><\/figure>\n<p><\/p>\n<p><span style=\"font-family: josefin;\">L&rsquo;installation est expos\u00e9e au <a href=\"http:\/\/www.lesechoir.fr\/\"><span style=\"color: #000000;\"><span style=\"font-size: x-large;\">S\u00e9choir<\/span><\/span><\/a> \u00e0 Mulhouse pour l&rsquo;<a href=\"http:\/\/www.lesechoir.fr\/tirages-exposition-collective\/\"><span style=\"color: #000000;\"><span style=\"font-size: x-large;\">exposition collective TIRAGE(S) du 10 au 16\/12\/2018<\/span><\/span><\/a><\/span><\/p>\n<p><span style=\"color: #000000; font-family: josefin;\"><span style=\"font-size: medium;\">Une fois l&rsquo;exposition au S\u00e9choir termin\u00e9e, les c\u00e9ramiques seront diss\u00e9min\u00e9es et coll\u00e9es de mani\u00e8re d\u00e9finitive sur les murs des rues. <\/span><\/span><\/p>\n<p><span style=\"color: #000000; font-family: josefin;\"><span style=\"font-size: medium;\">Elles s&rsquo;envoleront \u00e0 l&rsquo;autre bout du globe pour \u00eatre expos\u00e9es In Situ.<\/span><\/span><\/p>\n<p><span style=\"color: #000000; font-family: josefin;\"><span style=\"font-size: medium;\"> D\u00e9couvrez les trois premi\u00e8res installations en bas de page.<\/span><\/span><\/p>\n<p><\/p>\n<figure id=\"attachment_994\" aria-describedby=\"caption-attachment-994\" style=\"width: 525px\" class=\"wp-caption aligncenter\"><img loading=\"lazy\" decoding=\"async\" class=\"art wp-image-994 size-large\" title=\"Le Sechoir exposition TIRAGE(S)\" src=\"https:\/\/ecerfvelee.com\/site\/wp-content\/uploads\/2018\/11\/Eliane-Goepfert-le-sechoir-1-1024x642.jpg\" alt=\"\" width=\"525\" height=\"329\" srcset=\"https:\/\/ecerfvelee.com\/site\/wp-content\/uploads\/2018\/11\/Eliane-Goepfert-le-sechoir-1-1024x642.jpg 1024w, https:\/\/ecerfvelee.com\/site\/wp-content\/uploads\/2018\/11\/Eliane-Goepfert-le-sechoir-1-350x219.jpg 350w, https:\/\/ecerfvelee.com\/site\/wp-content\/uploads\/2018\/11\/Eliane-Goepfert-le-sechoir-1-300x188.jpg 300w, https:\/\/ecerfvelee.com\/site\/wp-content\/uploads\/2018\/11\/Eliane-Goepfert-le-sechoir-1-768x481.jpg 768w, https:\/\/ecerfvelee.com\/site\/wp-content\/uploads\/2018\/11\/Eliane-Goepfert-le-sechoir-1.jpg 1750w\" sizes=\"auto, (max-width: 525px) 100vw, 525px\" \/><figcaption id=\"caption-attachment-994\" class=\"wp-caption-text\"><span style=\"font-family: josefin;\">Photo d&rsquo;Eliane Goepfert Le S\u00e9choir exposition TIRAGE(S)<\/span><\/figcaption><\/figure>\n<p><span style=\"font-family: josefin;\">Voici les photos du vernissage, une belle soir\u00e9e !<\/span><\/p>\n<p><span style=\"font-family: josefin;\">22 artistes, 3 collectifs et beaucoup de monde.<\/span><\/p>\n<figure id=\"attachment_992\" aria-describedby=\"caption-attachment-992\" style=\"width: 732px\" class=\"wp-caption aligncenter\"><img loading=\"lazy\" decoding=\"async\" class=\"art wp-image-992 size-full\" title=\"Le Sechoir exposition TIRAGE(S) Marina ZINDY\" src=\"https:\/\/ecerfvelee.com\/site\/wp-content\/uploads\/2018\/11\/Eliane-Goepfert-le-sechoir-expo-graines-de-haine2.jpg\" alt=\"\" width=\"732\" height=\"618\" srcset=\"https:\/\/ecerfvelee.com\/site\/wp-content\/uploads\/2018\/11\/Eliane-Goepfert-le-sechoir-expo-graines-de-haine2.jpg 732w, https:\/\/ecerfvelee.com\/site\/wp-content\/uploads\/2018\/11\/Eliane-Goepfert-le-sechoir-expo-graines-de-haine2-350x295.jpg 350w, https:\/\/ecerfvelee.com\/site\/wp-content\/uploads\/2018\/11\/Eliane-Goepfert-le-sechoir-expo-graines-de-haine2-300x253.jpg 300w\" sizes=\"auto, (max-width: 732px) 100vw, 732px\" \/><figcaption id=\"caption-attachment-992\" class=\"wp-caption-text\"><span style=\"font-family: josefin;\">Photo d&rsquo;Eliane Goepfert, Le S\u00e9choir, TIRAGE(S), Graines de Haine, Marina ZINDY<\/span><\/figcaption><\/figure>\n<p class=\"entry-title\"><span style=\"font-family: josefin;\">Matthieu Stahl, <a href=\"http:\/\/www.lesechoir.fr\/category\/agenda\/expositions-en-cours\/\">Sandrine Stahl et Delphine Gutron<\/a> pr\u00e9sentent l&rsquo;exposition TIRAGE(S) et l&rsquo;exposition <a href=\"http:\/\/www.lesechoir.fr\/baie-trepasses-isola-rossa\/\">Baie des tr\u00e9pass\u00e9s-Isola Rossa.<\/a><\/span><\/p>\n<p><figure id=\"attachment_998\" aria-describedby=\"caption-attachment-998\" style=\"width: 525px\" class=\"wp-caption aligncenter\"><a href=\"http:\/\/www.lesechoir.fr\/baie-trepasses-isola-rossa\/\"><img loading=\"lazy\" decoding=\"async\" class=\"art wp-image-998 size-large\" title=\" Le S\u00e9choir exposition TIRAGE(S)\" src=\"https:\/\/ecerfvelee.com\/site\/wp-content\/uploads\/2018\/11\/Eliane-Goepfert-le-sechoir-expo-3-1024x711.jpg\" alt=\"\" width=\"525\" height=\"365\" srcset=\"https:\/\/ecerfvelee.com\/site\/wp-content\/uploads\/2018\/11\/Eliane-Goepfert-le-sechoir-expo-3-1024x711.jpg 1024w, https:\/\/ecerfvelee.com\/site\/wp-content\/uploads\/2018\/11\/Eliane-Goepfert-le-sechoir-expo-3-350x243.jpg 350w, https:\/\/ecerfvelee.com\/site\/wp-content\/uploads\/2018\/11\/Eliane-Goepfert-le-sechoir-expo-3-300x208.jpg 300w, https:\/\/ecerfvelee.com\/site\/wp-content\/uploads\/2018\/11\/Eliane-Goepfert-le-sechoir-expo-3-768x533.jpg 768w, https:\/\/ecerfvelee.com\/site\/wp-content\/uploads\/2018\/11\/Eliane-Goepfert-le-sechoir-expo-3.jpg 1750w\" sizes=\"auto, (max-width: 525px) 100vw, 525px\" \/><\/a><figcaption id=\"caption-attachment-998\" class=\"wp-caption-text\"><span style=\"font-family: josefin;\">Photo d&rsquo;Eliane Goepfert Le S\u00e9choir exposition TIRAGE(S)<\/span><\/figcaption><\/figure><br>\n<figure id=\"attachment_999\" aria-describedby=\"caption-attachment-999\" style=\"width: 525px\" class=\"wp-caption aligncenter\"><img loading=\"lazy\" decoding=\"async\" class=\"art wp-image-999 size-large\" title=\"Le S\u00e9choir exposition TIRAGE(S)\" src=\"https:\/\/ecerfvelee.com\/site\/wp-content\/uploads\/2018\/11\/Eliane-Goepfert-le-sechoir-expo-2-1024x711.jpg\" alt=\"\" width=\"525\" height=\"365\" srcset=\"https:\/\/ecerfvelee.com\/site\/wp-content\/uploads\/2018\/11\/Eliane-Goepfert-le-sechoir-expo-2-1024x711.jpg 1024w, https:\/\/ecerfvelee.com\/site\/wp-content\/uploads\/2018\/11\/Eliane-Goepfert-le-sechoir-expo-2-350x243.jpg 350w, https:\/\/ecerfvelee.com\/site\/wp-content\/uploads\/2018\/11\/Eliane-Goepfert-le-sechoir-expo-2-300x208.jpg 300w, https:\/\/ecerfvelee.com\/site\/wp-content\/uploads\/2018\/11\/Eliane-Goepfert-le-sechoir-expo-2-768x533.jpg 768w, https:\/\/ecerfvelee.com\/site\/wp-content\/uploads\/2018\/11\/Eliane-Goepfert-le-sechoir-expo-2.jpg 1750w\" sizes=\"auto, (max-width: 525px) 100vw, 525px\" \/><figcaption id=\"caption-attachment-999\" class=\"wp-caption-text\"><span style=\"font-family: josefin;\">Photo d&rsquo;Eliane Goepfert Le S\u00e9choir exposition TIRAGE(S)<\/span><\/figcaption><\/figure><br>\n<figure id=\"attachment_1000\" aria-describedby=\"caption-attachment-1000\" style=\"width: 525px\" class=\"wp-caption aligncenter\"><img loading=\"lazy\" decoding=\"async\" class=\"art wp-image-1000 size-large\" title=\" Le S\u00e9choir exposition TIRAGE(S)\" src=\"https:\/\/ecerfvelee.com\/site\/wp-content\/uploads\/2018\/11\/Eliane-Goepfert-le-sechoir-expo5-1024x661.jpg\" alt=\"\" width=\"525\" height=\"339\" srcset=\"https:\/\/ecerfvelee.com\/site\/wp-content\/uploads\/2018\/11\/Eliane-Goepfert-le-sechoir-expo5-1024x661.jpg 1024w, https:\/\/ecerfvelee.com\/site\/wp-content\/uploads\/2018\/11\/Eliane-Goepfert-le-sechoir-expo5-350x226.jpg 350w, https:\/\/ecerfvelee.com\/site\/wp-content\/uploads\/2018\/11\/Eliane-Goepfert-le-sechoir-expo5-300x194.jpg 300w, https:\/\/ecerfvelee.com\/site\/wp-content\/uploads\/2018\/11\/Eliane-Goepfert-le-sechoir-expo5-768x495.jpg 768w, https:\/\/ecerfvelee.com\/site\/wp-content\/uploads\/2018\/11\/Eliane-Goepfert-le-sechoir-expo5.jpg 1750w\" sizes=\"auto, (max-width: 525px) 100vw, 525px\" \/><figcaption id=\"caption-attachment-1000\" class=\"wp-caption-text\"><span style=\"font-family: josefin;\">Photo d&rsquo;Eliane Goepfert Le S\u00e9choir exposition TIRAGE(S)<\/span><\/figcaption><\/figure><\/p>\n\n\n<h2 class=\"wp-block-heading\">Installation In Situ<\/h2>\n\n\n\n<p><\/p>\n\n\n\n<div class=\"wp-block-image\"><figure class=\"aligncenter\"><img loading=\"lazy\" decoding=\"async\" width=\"1024\" height=\"768\" src=\"https:\/\/ecerfvelee.com\/site\/wp-content\/uploads\/2019\/07\/IMG_20190218_105649-1-1024x768.jpg\" alt=\"\" class=\"wp-image-2325\" srcset=\"https:\/\/ecerfvelee.com\/site\/wp-content\/uploads\/2019\/07\/IMG_20190218_105649-1-1024x768.jpg 1024w, https:\/\/ecerfvelee.com\/site\/wp-content\/uploads\/2019\/07\/IMG_20190218_105649-1-300x225.jpg 300w, https:\/\/ecerfvelee.com\/site\/wp-content\/uploads\/2019\/07\/IMG_20190218_105649-1-768x576.jpg 768w, https:\/\/ecerfvelee.com\/site\/wp-content\/uploads\/2019\/07\/IMG_20190218_105649-1-1320x990.jpg 1320w, https:\/\/ecerfvelee.com\/site\/wp-content\/uploads\/2019\/07\/IMG_20190218_105649-1-350x263.jpg 350w\" sizes=\"auto, (max-width: 767px) 89vw, (max-width: 1000px) 54vw, (max-width: 1071px) 543px, 580px\" \/><figcaption><em><strong>Graines de Haine<\/strong><\/em>, Pont de la Concorde, Paris<br>Installation \u00e9ph\u00e9m\u00e8re, avant de rejoindre la collection de  Marc Ladreit de Lacharri\u00e8re.<\/figcaption><\/figure><\/div>\n\n\n\n<div class=\"wp-block-image\"><figure class=\"aligncenter\"><img loading=\"lazy\" decoding=\"async\" width=\"1024\" height=\"768\" src=\"https:\/\/ecerfvelee.com\/site\/wp-content\/uploads\/2019\/07\/WhatsApp-Image-2019-04-19-at-11.35.26-1024x768.jpeg\" alt=\"C\u00e9ramique circulaires install\u00e9e \u00e0 cot\u00e9 du Parth\u00e9non, Gr\u00e8ce\" class=\"wp-image-2326\" srcset=\"https:\/\/ecerfvelee.com\/site\/wp-content\/uploads\/2019\/07\/WhatsApp-Image-2019-04-19-at-11.35.26.jpeg 1024w, https:\/\/ecerfvelee.com\/site\/wp-content\/uploads\/2019\/07\/WhatsApp-Image-2019-04-19-at-11.35.26-300x225.jpeg 300w, https:\/\/ecerfvelee.com\/site\/wp-content\/uploads\/2019\/07\/WhatsApp-Image-2019-04-19-at-11.35.26-768x576.jpeg 768w, https:\/\/ecerfvelee.com\/site\/wp-content\/uploads\/2019\/07\/WhatsApp-Image-2019-04-19-at-11.35.26-350x263.jpeg 350w\" sizes=\"auto, (max-width: 767px) 89vw, (max-width: 1000px) 54vw, (max-width: 1071px) 543px, 580px\" \/><figcaption><strong><em>Graines de Haine<\/em><\/strong>, Parth\u00e9non, Ath\u00e8nes, Gr\u00e8ce<br>Installation \u00e9ph\u00e9m\u00e8re avant d&rsquo;\u00eatre install\u00e9e d\u00e9finitivement au coll\u00e8ge de Larissa, Gr\u00e8ce.<\/figcaption><\/figure><\/div>\n\n\n\n<div class=\"wp-block-image\"><figure class=\"aligncenter\"><img loading=\"lazy\" decoding=\"async\" width=\"1024\" height=\"768\" src=\"https:\/\/ecerfvelee.com\/site\/wp-content\/uploads\/2019\/07\/WhatsApp-Image-2019-04-28-at-13.19.00-1024x768.jpeg\" alt=\"Les c\u00e9ramiques r\u00e9alis\u00e9es par l'artiste Marina ZINDY et intitul\u00e9es Graines de Haine, sont install\u00e9es dans diff\u00e9rentes parties du globe comme ici, en Indon\u00e9sie dans une mangrove.\" class=\"wp-image-2330\" srcset=\"https:\/\/ecerfvelee.com\/site\/wp-content\/uploads\/2019\/07\/WhatsApp-Image-2019-04-28-at-13.19.00-1024x768.jpeg 1024w, https:\/\/ecerfvelee.com\/site\/wp-content\/uploads\/2019\/07\/WhatsApp-Image-2019-04-28-at-13.19.00-300x225.jpeg 300w, https:\/\/ecerfvelee.com\/site\/wp-content\/uploads\/2019\/07\/WhatsApp-Image-2019-04-28-at-13.19.00-768x576.jpeg 768w, https:\/\/ecerfvelee.com\/site\/wp-content\/uploads\/2019\/07\/WhatsApp-Image-2019-04-28-at-13.19.00.jpeg 1600w, https:\/\/ecerfvelee.com\/site\/wp-content\/uploads\/2019\/07\/WhatsApp-Image-2019-04-28-at-13.19.00-1320x990.jpeg 1320w, https:\/\/ecerfvelee.com\/site\/wp-content\/uploads\/2019\/07\/WhatsApp-Image-2019-04-28-at-13.19.00-350x263.jpeg 350w\" sizes=\"auto, (max-width: 767px) 89vw, (max-width: 1000px) 54vw, (max-width: 1071px) 543px, 580px\" \/><figcaption> <strong><em>Graines de Haine<\/em><\/strong>, mangrove, Indon\u00e9sie<br><em>Installation \u00e9ph\u00e9m\u00e8re avant d&rsquo;\u00eatre install\u00e9e d\u00e9finitivement \u00e0 l&rsquo;Universit\u00e9 de Lampung.<\/em><\/figcaption><\/figure><\/div>\n\n\n\n<p><\/p>\n","protected":false},"excerpt":{"rendered":"<p>Travail sur le motif, impressions, superpositions et r\u00e9flexion contemporaine. Quand la fleur ne renvoie plus l&rsquo;image de d\u00e9licatesse. INSTALLATION Graines de Haine&nbsp; Porcelaine Graine de Haine est une installation de dessins sur modules circulaires de diff\u00e9rents diam\u00e8tres (2 cm \u00e0 26 cm). Je joue sur les possibilit\u00e9s de surimpressions et de r\u00e9p\u00e9titions du motif floral &hellip; <\/p>\n<p class=\"link-more\"><a href=\"https:\/\/ecerfvelee.com\/site\/grainesdehaine\/\" class=\"more-link\">Continuer la lecture<span class=\"screen-reader-text\"> de &laquo;&nbsp;Graines de Haine&nbsp;&raquo;<\/span><\/a><\/p>\n","protected":false},"author":1,"featured_media":2323,"parent":0,"menu_order":0,"comment_status":"closed","ping_status":"closed","template":"","meta":{"footnotes":""},"class_list":["post-917","page","type-page","status-publish","has-post-thumbnail","hentry"],"aioseo_notices":[],"_links":{"self":[{"href":"https:\/\/ecerfvelee.com\/site\/wp-json\/wp\/v2\/pages\/917","targetHints":{"allow":["GET"]}}],"collection":[{"href":"https:\/\/ecerfvelee.com\/site\/wp-json\/wp\/v2\/pages"}],"about":[{"href":"https:\/\/ecerfvelee.com\/site\/wp-json\/wp\/v2\/types\/page"}],"author":[{"embeddable":true,"href":"https:\/\/ecerfvelee.com\/site\/wp-json\/wp\/v2\/users\/1"}],"replies":[{"embeddable":true,"href":"https:\/\/ecerfvelee.com\/site\/wp-json\/wp\/v2\/comments?post=917"}],"version-history":[{"count":26,"href":"https:\/\/ecerfvelee.com\/site\/wp-json\/wp\/v2\/pages\/917\/revisions"}],"predecessor-version":[{"id":2418,"href":"https:\/\/ecerfvelee.com\/site\/wp-json\/wp\/v2\/pages\/917\/revisions\/2418"}],"wp:featuredmedia":[{"embeddable":true,"href":"https:\/\/ecerfvelee.com\/site\/wp-json\/wp\/v2\/media\/2323"}],"wp:attachment":[{"href":"https:\/\/ecerfvelee.com\/site\/wp-json\/wp\/v2\/media?parent=917"}],"curies":[{"name":"wp","href":"https:\/\/api.w.org\/{rel}","templated":true}]}}